divided by 2 + b/9*9.
2
Let h = 30 + -22. Calculate the remainder when (54/135)/((-4)/(-130)) is divided by h.
5
Let j = -74 + 28. Let r = -18 - j. What is the remainder when 137 is divided by r?
25
Let z(r) = -32*r + 84. Let c(m) = 11*m - 28. Let x(j) = -17*c(j) - 6*z(j). What is the remainder when x(9) is divided by 5?
2
What is the remainder when (-2*1)/((-72)/1908) is divided by 19?
15
Let y = 0 - -4. Suppose y*v = 2*f - 0*v - 12, 4*f - 17 = v. Let i(k) = k**2 - 5*k + 5. Calculate the remainder when 3 is divided by i(f).
0
Suppose -16*p - 21 = -23*p. Calculate the remainder when 40 is divided by p.
1
Suppose 4*k = 2*k + 24. Let g be k*12/(-27)*-3. Suppose g - 1 = 3*b. Calculate the remainder when 8 is divided by b.
3
Suppose 2*q = -g + 4*g - 145, 3*g - 5*q = 160. Let t = -39 + g. What is the remainder when 9 is divided by t?
3
Suppose 3*b = b + 58. Calculate the remainder when b is divided by (0 + 24)*24/36.
13
Let u = 193 - 115. Let b = -307 - -323. Calculate the remainder when u is divided by b.
14
Suppose -3*o + 116 - 29 = 0. What is the remainder when 103 is divided by o?
16
Suppose 5*f - 9 = 8*f. Calculate the remainder when 333 is divided by 12*(8/(-12) - f).
25
Let s = -4568 + 4576. Let z(k) = 5*k + 3. What is the remainder when z(4) is divided by s?
7
Let q = 28 + -26. Suppose -3*j = -5*h - 61, 0 = 5*j + 3*h - q*h - 139. Calculate the remainder when j is divided by 4.
3
Let w(o) = o**2 - 2*o + 12. Calculate the remainder when 52 is divided by w(4).
12
Suppose 0 = 6*c - c - 1450. Let x = c - 179. Calculate the remainder when x is divided by 19.
16
Let w(a) = a**2 + 12*a + 6. Let o be w(-9). Let y = 14 - o. Let b(t) = -4*t + 2. Calculate the remainder when y is divided by b(-4).
17
Let n(v) = -3*v - 11. Suppose -5*d - 14 - 11 = 0. Suppose -3*i + 7*i = 44. Calculate the remainder when i is divided by n(d).
3
Suppose -y - 6*n = -5*n - 16, 2*y + 3*n - 32 = 0. Let v(t) = 6 - t**3 - t**2 - 3*t**2 - 1. What is the remainder when v(-5) is divided by y?
14
Let q = -313 + 316. Let r(x) = 3*x**2 + 3 + 3*x**2 + 0*x + 5*x + x**3. Calculate the remainder when q is divided by r(-5).
0
Suppose 3 = 3*j - 6*j, -2*j + 2 = w. Suppose f - 4*c - 9 = -0*f, w*c = -f + 25. What is the remainder when 31 is divided by f?
14
Let h(o) = o**3 - 2*o**2 - 2*o + 4. Suppose 5*m = -10 - 10. Let j be h(m). Calculate the remainder when 41 is divided by 15/(-10)*j/9.
13
Let v(r) = r**2 + 5*r + 4. Let n be v(-4). Suppose n = 3*g - 9. Calculate the remainder when 11 is divided by g.
2
Suppose 5*p = -4*w + 566 + 220, -3*p - 6 = 0. Calculate the remainder when w is divided by 37.
14
Let b(o) = -o**3 + 23*o**2 - 18*o + 74. Calculate the remainder when b(22) is divided by 28.
22
Let s = 86 + -44. Suppose 0*p = 6*p - 66. Calculate the remainder when s is divided by p.
9
Suppose 8 = -4*u, u - 3 = -3*v + 7. Calculate the remainder when 102 is divided by v.
2
Suppose b - 3*b - 2*v = 0, -b - 6 = 4*v. What is the remainder when 4 - (b + 0) - -50 is divided by (8/(-36) + 5/(-45))*-33?
8
Suppose -2*c + 3*j = 4*j - 307, -c + j + 158 = 0. Let k = c - 97. Calculate the remainder when k is divided by 31.
27
Calculate the remainder when 190 is divided by -2 - 4 - 5/(15/(-162)).
46
What is the remainder when 1/(-3) - 4994/(-33) is divided by 51?
49
Let v = 590 + -89. What is the remainder when v is divided by 30?
21
Let g(h) = 24*h + 58. What is the remainder when 226 is divided by g(0)?
52
Let c(l) = l**3 - 19*l**2 + 20*l - 20. Let d be c(18). Suppose -2*n - 2*n + d = 0. Calculate the remainder when 7 is divided by n.
3
Suppose 16 = -2*f + 54. Suppose 3*q - 3*x - 21 = 0, 5*x - x + 3 = -q. What is the remainder when f is divided by q?
4
Suppose -162*i + 188*i = 442. Let b = -3 - -13. Calculate the remainder when i is divided by b.
7
Let s be (-18)/24 - 3/12. Let p be ((-20)/8)/(s/2). Suppose -5*u = 0, p*r + 3*u = -0*u + 320. What is the remainder when r is divided by 22?
20
Suppose -5*s - 598 = -758. What is the remainder when 160 is divided by s?
0
Suppose -6 = -3*l, -8*r = -3*r - 5*l + 5. Let f(x) = x**3 - x + 26. Calculate the remainder when r*3 + 6/(-9)*-147 is divided by f(0).
23
Suppose 0 = y + 3*d - 5, -3*d = -2*y + 1. Suppose 6 = -y*s - 6. Let a = s - -41. What is the remainder when 138 is divided by a?
33
Let x(v) = v**3 - 11*v**2 + 20*v - 7. Let w be x(9). Suppose -6*p + w + 181 = 0. What is the remainder when 92 is divided by p?
28
Suppose -139*z - 710 = -141*z. What is the remainder when z is divided by 21?
19
Let h(o) = -10*o**2 - 639*o + 76. Calculate the remainder when 322 is divided by h(-64).
10
Let u(a) = a + 4. Suppose 20 = 3*g + g. Suppose -g*j + j = -76. Calculate the remainder when j is divided by u(0).
3
Suppose s = 4*t - 3*t - 25, -4*t = 3*s - 72. What is the remainder when 118 is divided by t?
13
Let a(s) = 5*s - 15. Let l be a(6). Suppose -m = -5*h + 19, -2*m + 2*h = 15 + l. Calculate the remainder when (m/(-1))/(5 - 3) is divided by 5.
2
Let u(g) = -1 - 4 - 4*g - 2*g + 4*g. Let x = 5 + -14. What is the remainder when 50 is divided by u(x)?
11
Calculate the remainder when (-508)/(-6) - (5 - (-133)/(-21)) is divided by (1 + (-30 - 0))*-1.
28
Let c be 3/12 + (-1015)/(-20) - -2. Let m = -41 + c. What is the remainder when 71 is divided by m?
11
Suppose -29 = -3*z - i, 3*i - 17 = -z - z. Suppose 5*f = -3*s - 10, 4*s - 3*f + 5*f - z = 0. What is the remainder when 19 is divided by s?
4
Let x(n) = -n**3 + 8*n**2 + 9*n + 2. Let t be x(9). Suppose -30 = -2*y + t*d, 3*y - 2*y = -d + 7. Calculate the remainder when y is divided by 3.
2
Let t = 582 - 578. Let o(x) = -2*x**3 + 2*x**2 + x + 2. Let m be o(2). Calculate the remainder when t is divided by (-2)/(-3)*(-1 - m).
0
Suppose 0 = 3*k + 12, -5*q - k + 8 = 2. Suppose -3*i = 5*w - 120, -q*w + 36 = i - 3. Calculate the remainder when i is divided by 8.
5
Let s = -72 - -93. Calculate the remainder when s is divided by 4.
1
Suppose 5*g - 17 = -7. Suppose g*d = -6*h + 4*h + 46, 0 = 4*h - 5*d - 137. What is the remainder when 55 is divided by h?
27
Let x be ((-3)/4)/(2/(-96)). Suppose -4*o = -o - x. What is the remainder when 46 is divided by o?
10
Let v(p) = p**3 - 3*p**2 - 4. Suppose i - 19 = 5. What is the remainder when v(5) is divided by i?
22
Let c(j) = -j**2 - 5*j + 2. Let n be c(-5). What is the remainder when 6 is divided by n/(-8)*-4*2?
0
Let o = 596 - 547. What is the remainder when 64 is divided by o?
15
Let h(y) = -y**3 + y**2 - 2*y + 27. Calculate the remainder when h(0) is divided by ((-44)/(-2))/(0 - -2).
5
Let d(t) = t**3 + 7*t**2 + 11*t + 1. Let h be 6/2 - 6 - 1. What is the remainder when 14 is divided by d(h)?
4
Suppose 149 = -8*s + 1309. Suppose -6*r + 281 = -s. Calculate the remainder when r is divided by 12.
11
Suppose 112 = 13*x - 941. Suppose -6*w + w = 0, -w + 48 = 4*b. What is the remainder when x is divided by b?
9
Let y = -38 - -54. What is the remainder when 920/(-10)*(-2 + 12/8) is divided by y?
14
Suppose 0 = 2*r - 6*r + 224. Calculate the remainder when r is divided by 258/9 - ((-40)/(-24) - 3).
26
Suppose 18 = x - 2*x. Let n = -13 - x. Suppose 10 = n*t - q - 79, -5*q + 23 = t. Calculate the remainder when t is divided by 5.
3
Calculate the remainder when 533 is divided by (-1)/(10/4) + (-8428)/(-245).
23
Suppose 0 = 17*y - 2410 - 905. Calculate the remainder when y is divided by 18.
15
Let v(b) = b - 10. Let h be v(9). Suppose -s + 9 = -8. Calculate the remainder when (71 + 4/h)/1 is divided by s.
16
Let s(f) = 2*f**3 - 5*f**2 + 5*f + 4. Calculate the remainder when 38 is divided by s(2).
8
Suppose -4*x + 122 = 5*b, 2*x + 3*b = -2*x + 126. Suppose 0 = -3*p - w + 195 + 180, -2*p + 250 = 4*w. Calculate the remainder when p is divided by x.
26
Suppose 0 = i + i - 12. Suppose 94 = i*a - 680. Calculate the remainder when a is divided by 33.
30
Suppose 5*h - 15 = 20. Let q(o) = 28*o + 3. Let z be q(3). Suppose 3*p + 45 = 3*a, 4*a + 4*p = -p + z. What is the remainder when a is divided by h?
4
Suppose 3*r - 41*s - 9 = -38*s, -6 = -3*s. Calculate the remainder when 286 is divided by r.
1
Let c = 289 - 267. What is the remainder when 88 is divided by c?
0
Suppose 0 = s - 5*x - 31, s - x + 9 = -6*x. Calculate the remainder when 372 is divided by s.
9
Let m(b) be the second derivative of -b**5/20 - 5*